{"id":146,"date":"2025-06-05T10:55:19","date_gmt":"2025-06-05T10:55:19","guid":{"rendered":"https:\/\/wojskowaparafiabraniewo.pl\/?page_id=146"},"modified":"2025-06-05T12:07:37","modified_gmt":"2025-06-05T12:07:37","slug":"patron","status":"publish","type":"page","link":"https:\/\/wojskowaparafiabraniewo.pl\/index.php\/patron\/","title":{"rendered":"Patron"},"content":{"rendered":"\t\t<div data-elementor-type=\"wp-page\" data-elementor-id=\"146\" class=\"elementor elementor-146\" data-elementor-post-type=\"page\">\n\t\t\t\t<div class=\"elementor-element elementor-element-a7a1c1e e-flex e-con-boxed e-con e-parent\" data-id=\"a7a1c1e\" data-element_type=\"container\" data-settings=\"{&quot;background_background&quot;:&quot;classic&quot;}\">\n\t\t\t\t\t<div class=\"e-con-inner\">\n\t\t\t\t\t<\/div>\n\t\t\t\t<\/div>\n\t\t<div class=\"elementor-element elementor-element-16caa16 e-flex e-con-boxed e-con e-parent\" data-id=\"16caa16\" data-element_type=\"container\">\n\t\t\t\t\t<div class=\"e-con-inner\">\n\t\t\t\t<div class=\"elementor-element elementor-element-580d8be elementor-widget elementor-widget-heading\" data-id=\"580d8be\" data-element_type=\"widget\" data-widget_type=\"heading.default\">\n\t\t\t\t<div class=\"elementor-widget-container\">\n\t\t\t\t\t<h2 class=\"elementor-heading-title elementor-size-default\">\u015awi\u0119ty Wojciech <\/h2>\t\t\t\t<\/div>\n\t\t\t\t<\/div>\n\t\t\t\t<div class=\"elementor-element elementor-element-b1d3f14 elementor-widget elementor-widget-heading\" data-id=\"b1d3f14\" data-element_type=\"widget\" data-widget_type=\"heading.default\">\n\t\t\t\t<div class=\"elementor-widget-container\">\n\t\t\t\t\t<h2 class=\"elementor-heading-title elementor-size-default\">patron Parafii Wojskowo-Cywilnej w Braniewie<\/h2>\t\t\t\t<\/div>\n\t\t\t\t<\/div>\n\t\t\t\t<div class=\"elementor-element elementor-element-349123f elementor-widget elementor-widget-text-editor\" data-id=\"349123f\" data-element_type=\"widget\" data-widget_type=\"text-editor.default\">\n\t\t\t\t<div class=\"elementor-widget-container\">\n\t\t\t\t\t\t\t\t\t<p data-start=\"290\" data-end=\"626\"><strong data-start=\"290\" data-end=\"309\">\u015awi\u0119ty Wojciech<\/strong>, biskup i m\u0119czennik, jest jednym z g\u0142\u00f3wnych patron\u00f3w Polski, czczonym r\u00f3wnie\u017c jako patron diecezji warmi\u0144skiej, Prus oraz ca\u0142ej Europy \u015arodkowo-Wschodniej. Jego \u017cycie i \u015bmier\u0107 s\u0105 symbolem odwagi, misyjnego zapa\u0142u i niez\u0142omnej wiary \u2013 warto\u015bci, kt\u00f3re s\u0105 szczeg\u00f3lnie bliskie zar\u00f3wno \u017co\u0142nierzom, jak i wiernym cywilnym.<\/p><p data-start=\"628\" data-end=\"651\"><strong>\u017bycie i dzia\u0142alno\u015b\u0107<\/strong><\/p><p data-start=\"653\" data-end=\"1031\">Wojciech urodzi\u0142 si\u0119 oko\u0142o 956 roku w mo\u017cnej rodzinie S\u0142awnikowic\u00f3w na terenie dzisiejszych Czech. Kszta\u0142ci\u0142 si\u0119 w Magdeburgu, a po powrocie zosta\u0142 biskupem Pragi. Jego gorliwo\u015b\u0107 pasterska, wra\u017cliwo\u015b\u0107 na ubogich i walka z nadu\u017cyciami w Ko\u015bciele sprawi\u0142y, \u017ce spotka\u0142 si\u0119 z oporem lokalnych elit. Dwukrotnie opuszcza\u0142 swoj\u0105 diecezj\u0119, szukaj\u0105c \u017cycia zakonnego i oddaj\u0105c si\u0119 misjom.<\/p><p data-start=\"1033\" data-end=\"1053\"><strong>M\u0119cze\u0144ska \u015bmier\u0107<\/strong><\/p><p data-start=\"1055\" data-end=\"1351\">W 997 roku, z b\u0142ogos\u0142awie\u0144stwem papie\u017ca i wsparciem ksi\u0119cia Boles\u0142awa Chrobrego, wyruszy\u0142 na misj\u0119 ewangelizacyjn\u0105 do poga\u0144skich Prus. Tam, niedaleko uj\u015bcia rzeki Pas\u0142\u0119ki do Zalewu Wi\u015blanego \u2013 a wi\u0119c w pobli\u017cu dzisiejszego <strong data-start=\"1278\" data-end=\"1290\">Braniewa<\/strong> \u2013 poni\u00f3s\u0142 m\u0119cze\u0144sk\u0105 \u015bmier\u0107 z r\u0105k pogan 23 kwietnia 997 roku.<\/p><p data-start=\"1353\" data-end=\"1581\">Jego cia\u0142o wykupi\u0142 Boles\u0142aw Chrobry i z\u0142o\u017cy\u0142 je z czci\u0105 w Gnie\u017anie. Gr\u00f3b \u015bw. Wojciecha sta\u0142 si\u0119 jednym z najwa\u017cniejszych miejsc kultu religijnego w Polsce, a jego posta\u0107 zyska\u0142a rang\u0119 symbolu duchowego fundamentu naszego narodu.<\/p><p data-start=\"1583\" data-end=\"1632\"><strong>Patron \u017co\u0142nierzy, misjonarzy i obro\u0144c\u00f3w wiary<\/strong><\/p><p data-start=\"1634\" data-end=\"1994\">\u015aw. Wojciech jest wzorem odwa\u017cnego g\u0142osiciela Ewangelii, wiernego pasterza i cz\u0142owieka gotowego odda\u0107 \u017cycie za wiar\u0119. W parafii wojskowo-cywilnej jego obecno\u015b\u0107 przypomina o duchowej walce, jak\u0105 toczy ka\u017cdy chrze\u015bcijanin \u2013 zar\u00f3wno ten w mundurze, jak i ten, kto na co dzie\u0144 pe\u0142ni inne role spo\u0142eczne. Jest patronem ludzi odwagi, zasad i oddania wy\u017cszej sprawie.<\/p><p data-start=\"1996\" data-end=\"2021\"><strong>W parafii w Braniewie<\/strong><\/p><p data-start=\"2023\" data-end=\"2406\">W Braniewie, mie\u015bcie o wielowiekowej tradycji chrze\u015bcija\u0144skiej i misyjnej, kult \u015bw. Wojciecha ma wyj\u0105tkowe znaczenie. Jako patron parafii wojskowo-cywilnej, \u015bw. Wojciech jednoczy \u015brodowiska wojskowe i cywilne wok\u00f3\u0142 warto\u015bci takich jak: <strong data-start=\"2259\" data-end=\"2285\">wiara, honor, ojczyzna<\/strong>. W jego wspomnienie \u2013 23 kwietnia \u2013 parafia obchodzi uroczysto\u015bci odpustowe, przypominaj\u0105c o jego duchowym dziedzictwie.<\/p>\t\t\t\t\t\t\t\t<\/div>\n\t\t\t\t<\/div>\n\t\t\t\t\t<\/div>\n\t\t\t\t<\/div>\n\t\t<div class=\"elementor-element elementor-element-5678992 e-flex e-con-boxed e-con e-parent\" data-id=\"5678992\" data-element_type=\"container\" data-settings=\"{&quot;background_background&quot;:&quot;classic&quot;}\">\n\t\t\t\t\t<div class=\"e-con-inner\">\n\t\t<div class=\"elementor-element elementor-element-b789d96 e-con-full e-flex e-con e-child\" data-id=\"b789d96\" data-element_type=\"container\">\n\t\t\t\t<div class=\"elementor-element elementor-element-6361a90 elementor-widget elementor-widget-image\" data-id=\"6361a90\" data-element_type=\"widget\" data-widget_type=\"image.default\">\n\t\t\t\t<div class=\"elementor-widget-container\">\n\t\t\t\t\t\t\t\t\t\t\t\t\t\t\t<img fetchpriority=\"high\" decoding=\"async\" width=\"1024\" height=\"1024\" src=\"https:\/\/wojskowaparafiabraniewo.pl\/wp-content\/uploads\/2025\/06\/logo-www.png\" class=\"attachment-full size-full wp-image-175\" alt=\"\" srcset=\"https:\/\/wojskowaparafiabraniewo.pl\/wp-content\/uploads\/2025\/06\/logo-www.png 1024w, https:\/\/wojskowaparafiabraniewo.pl\/wp-content\/uploads\/2025\/06\/logo-www-300x300.png 300w, https:\/\/wojskowaparafiabraniewo.pl\/wp-content\/uploads\/2025\/06\/logo-www-150x150.png 150w, https:\/\/wojskowaparafiabraniewo.pl\/wp-content\/uploads\/2025\/06\/logo-www-768x768.png 768w\" sizes=\"(max-width: 1024px) 100vw, 1024px\" \/>\t\t\t\t\t\t\t\t\t\t\t\t\t\t\t<\/div>\n\t\t\t\t<\/div>\n\t\t\t\t<\/div>\n\t\t<div class=\"elementor-element elementor-element-89ae26b e-con-full e-flex e-con e-child\" data-id=\"89ae26b\" data-element_type=\"container\">\n\t\t\t\t<div class=\"elementor-element elementor-element-2f44658 elementor-invisible elementor-widget elementor-widget-heading\" data-id=\"2f44658\" data-element_type=\"widget\" data-settings=\"{&quot;_animation&quot;:&quot;fadeInLeft&quot;}\" data-widget_type=\"heading.default\">\n\t\t\t\t<div class=\"elementor-widget-container\">\n\t\t\t\t\t<h2 class=\"elementor-heading-title elementor-size-default\">kontakt:<\/h2>\t\t\t\t<\/div>\n\t\t\t\t<\/div>\n\t\t\t\t<div class=\"elementor-element elementor-element-d5a72ce elementor-widget-divider--view-line elementor-widget elementor-widget-divider\" data-id=\"d5a72ce\" data-element_type=\"widget\" data-widget_type=\"divider.default\">\n\t\t\t\t<div class=\"elementor-widget-container\">\n\t\t\t\t\t\t\t<div class=\"elementor-divider\">\n\t\t\t<span class=\"elementor-divider-separator\">\n\t\t\t\t\t\t<\/span>\n\t\t<\/div>\n\t\t\t\t\t\t<\/div>\n\t\t\t\t<\/div>\n\t\t\t\t<div class=\"elementor-element elementor-element-e39cb83 elementor-widget elementor-widget-text-editor\" data-id=\"e39cb83\" data-element_type=\"widget\" data-widget_type=\"text-editor.default\">\n\t\t\t\t<div class=\"elementor-widget-container\">\n\t\t\t\t\t\t\t\t\t<p data-start=\"84\" data-end=\"452\">Parafia Wojskowo-Cywilna\npw. \u015awi\u0119tego Wojciecha w Braniewie ul. Sucharskiego 29, 14-500 Braniewo<\/p>\n<p data-start=\"84\" data-end=\"452\">Konto bankowe: PKO BP<br> 38 1020 1752 0000 0202 0308 8242<\/p>\t\t\t\t\t\t\t\t<\/div>\n\t\t\t\t<\/div>\n\t\t\t\t<\/div>\n\t\t<div class=\"elementor-element elementor-element-3c2c941 e-con-full e-flex e-con e-child\" data-id=\"3c2c941\" data-element_type=\"container\">\n\t\t\t\t<div class=\"elementor-element elementor-element-a6043af elementor-invisible elementor-widget elementor-widget-heading\" data-id=\"a6043af\" data-element_type=\"widget\" data-settings=\"{&quot;_animation&quot;:&quot;fadeInLeft&quot;}\" data-widget_type=\"heading.default\">\n\t\t\t\t<div class=\"elementor-widget-container\">\n\t\t\t\t\t<h2 class=\"elementor-heading-title elementor-size-default\">kancelaria:<\/h2>\t\t\t\t<\/div>\n\t\t\t\t<\/div>\n\t\t\t\t<div class=\"elementor-element elementor-element-fd7df0c elementor-widget-divider--view-line elementor-widget elementor-widget-divider\" data-id=\"fd7df0c\" data-element_type=\"widget\" data-widget_type=\"divider.default\">\n\t\t\t\t<div class=\"elementor-widget-container\">\n\t\t\t\t\t\t\t<div class=\"elementor-divider\">\n\t\t\t<span class=\"elementor-divider-separator\">\n\t\t\t\t\t\t<\/span>\n\t\t<\/div>\n\t\t\t\t\t\t<\/div>\n\t\t\t\t<\/div>\n\t\t\t\t<div class=\"elementor-element elementor-element-4e2d1c2 elementor-widget elementor-widget-text-editor\" data-id=\"4e2d1c2\" data-element_type=\"widget\" data-widget_type=\"text-editor.default\">\n\t\t\t\t<div class=\"elementor-widget-container\">\n\t\t\t\t\t\t\t\t\t<p data-start=\"84\" data-end=\"452\">Kancelaria parafialna przyjmuje osoby zainteresowane od wtorku do pi\u0105tku po wieczornej Mszy \u015awi\u0119tej.<\/p>\n<p data-start=\"84\" data-end=\"452\">Tel.: 783-935-499<br>info@wojskowaparafiabraniewo.pl<\/p>\t\t\t\t\t\t\t\t<\/div>\n\t\t\t\t<\/div>\n\t\t\t\t<\/div>\n\t\t<div class=\"elementor-element elementor-element-6439e9a e-con-full e-flex e-con e-child\" data-id=\"6439e9a\" data-element_type=\"container\">\n\t\t\t\t<div class=\"elementor-element elementor-element-a9371f0 elementor-invisible elementor-widget elementor-widget-heading\" data-id=\"a9371f0\" data-element_type=\"widget\" data-settings=\"{&quot;_animation&quot;:&quot;fadeInLeft&quot;}\" data-widget_type=\"heading.default\">\n\t\t\t\t<div class=\"elementor-widget-container\">\n\t\t\t\t\t<h2 class=\"elementor-heading-title elementor-size-default\">proboszcz:<\/h2>\t\t\t\t<\/div>\n\t\t\t\t<\/div>\n\t\t\t\t<div class=\"elementor-element elementor-element-3d93d1e elementor-widget-divider--view-line elementor-widget elementor-widget-divider\" data-id=\"3d93d1e\" data-element_type=\"widget\" data-widget_type=\"divider.default\">\n\t\t\t\t<div class=\"elementor-widget-container\">\n\t\t\t\t\t\t\t<div class=\"elementor-divider\">\n\t\t\t<span class=\"elementor-divider-separator\">\n\t\t\t\t\t\t<\/span>\n\t\t<\/div>\n\t\t\t\t\t\t<\/div>\n\t\t\t\t<\/div>\n\t\t\t\t<div class=\"elementor-element elementor-element-a6142e6 elementor-widget elementor-widget-text-editor\" data-id=\"a6142e6\" data-element_type=\"widget\" data-widget_type=\"text-editor.default\">\n\t\t\t\t<div class=\"elementor-widget-container\">\n\t\t\t\t\t\t\t\t\t<p data-start=\"84\" data-end=\"452\">Kapelan Garnizonu Braniewo<\/p><p data-start=\"84\" data-end=\"452\">ks. mjr dr Karol Biegluk<\/p>\t\t\t\t\t\t\t\t<\/div>\n\t\t\t\t<\/div>\n\t\t\t\t<\/div>\n\t\t\t\t\t<\/div>\n\t\t\t\t<\/div>\n\t\t\t\t<\/div>\n\t\t","protected":false},"excerpt":{"rendered":"<p>\u015awi\u0119ty Wojciech patron Parafii Wojskowo-Cywilnej w Braniewie \u015awi\u0119ty Wojciech, biskup i m\u0119czennik, jest jednym z g\u0142\u00f3wnych patron\u00f3w Polski, czczonym r\u00f3wnie\u017c [&hellip;]<\/p>\n","protected":false},"author":1,"featured_media":0,"parent":0,"menu_order":0,"comment_status":"closed","ping_status":"closed","template":"elementor_header_footer","meta":{"site-sidebar-layout":"no-sidebar","site-content-layout":"","ast-site-content-layout":"full-width-container","site-content-style":"default","site-sidebar-style":"default","ast-global-header-display":"","ast-banner-title-visibility":"","ast-main-header-display":"","ast-hfb-above-header-display":"","ast-hfb-below-header-display":"","ast-hfb-mobile-header-display":"","site-post-title":"disabled","ast-breadcrumbs-content":"","ast-featured-img":"disabled","footer-sml-layout":"","theme-transparent-header-meta":"","adv-header-id-meta":"","stick-header-meta":"","header-above-stick-meta":"","header-main-stick-meta":"","header-below-stick-meta":"","astra-migrate-meta-layouts":"default","ast-page-background-enabled":"default","ast-page-background-meta":{"desktop":{"background-color":"var(--ast-global-color-5)","background-image":"","background-repeat":"repeat","background-position":"center center","background-size":"auto","background-attachment":"scroll","background-type":"","background-media":"","overlay-type":"","overlay-color":"","overlay-opacity":"","overlay-gradient":""},"tablet":{"background-color":"","background-image":"","background-repeat":"repeat","background-position":"center center","background-size":"auto","background-attachment":"scroll","background-type":"","background-media":"","overlay-type":"","overlay-color":"","overlay-opacity":"","overlay-gradient":""},"mobile":{"background-color":"","background-image":"","background-repeat":"repeat","background-position":"center center","background-size":"auto","background-attachment":"scroll","background-type":"","background-media":"","overlay-type":"","overlay-color":"","overlay-opacity":"","overlay-gradient":""}},"ast-content-background-meta":{"desktop":{"background-color":"var(--ast-global-color-4)","background-image":"","background-repeat":"repeat","background-position":"center center","background-size":"auto","background-attachment":"scroll","background-type":"","background-media":"","overlay-type":"","overlay-color":"","overlay-opacity":"","overlay-gradient":""},"tablet":{"background-color":"var(--ast-global-color-4)","background-image":"","background-repeat":"repeat","background-position":"center center","background-size":"auto","background-attachment":"scroll","background-type":"","background-media":"","overlay-type":"","overlay-color":"","overlay-opacity":"","overlay-gradient":""},"mobile":{"background-color":"var(--ast-global-color-4)","background-image":"","background-repeat":"repeat","background-position":"center center","background-size":"auto","background-attachment":"scroll","background-type":"","background-media":"","overlay-type":"","overlay-color":"","overlay-opacity":"","overlay-gradient":""}},"footnotes":""},"class_list":["post-146","page","type-page","status-publish","hentry"],"_links":{"self":[{"href":"https:\/\/wojskowaparafiabraniewo.pl\/index.php\/wp-json\/wp\/v2\/pages\/146","targetHints":{"allow":["GET"]}}],"collection":[{"href":"https:\/\/wojskowaparafiabraniewo.pl\/index.php\/wp-json\/wp\/v2\/pages"}],"about":[{"href":"https:\/\/wojskowaparafiabraniewo.pl\/index.php\/wp-json\/wp\/v2\/types\/page"}],"author":[{"embeddable":true,"href":"https:\/\/wojskowaparafiabraniewo.pl\/index.php\/wp-json\/wp\/v2\/users\/1"}],"replies":[{"embeddable":true,"href":"https:\/\/wojskowaparafiabraniewo.pl\/index.php\/wp-json\/wp\/v2\/comments?post=146"}],"version-history":[{"count":19,"href":"https:\/\/wojskowaparafiabraniewo.pl\/index.php\/wp-json\/wp\/v2\/pages\/146\/revisions"}],"predecessor-version":[{"id":206,"href":"https:\/\/wojskowaparafiabraniewo.pl\/index.php\/wp-json\/wp\/v2\/pages\/146\/revisions\/206"}],"wp:attachment":[{"href":"https:\/\/wojskowaparafiabraniewo.pl\/index.php\/wp-json\/wp\/v2\/media?parent=146"}],"curies":[{"name":"wp","href":"https:\/\/api.w.org\/{rel}","templated":true}]}}